?
False
Is 1039430687 a multiple of 19?
False
Is 137 a factor of 20406972?
True
Is 40943224 a multiple of 1372?
True
Is 18 a factor of 25508988?
True
Is 15576131 a multiple of 11?
False
Is 103 a factor of 883260535?
True
Does 1267 divide 14108045?
True
Is 15520997 a multiple of 16?
False
Is 986 a factor of 194891156?
False
Does 5298 divide 531744366?
True
Is 118047030 a multiple of 30?
True
Is 32 a factor of 356232608?
True
Is 88644476 a multiple of 3703?
False
Does 6284 divide 1603909343?
False
Is 98 a factor of 758712962?
True
Is 644 a factor of 468404037?
False
Does 1310 divide 173585480?
True
Is 1449 a factor of 631210482?
True
Is 6 a factor of 212926086?
True
Does 14 divide 69787998?
True
Is 36 a factor of 2674742280?
False
Is 23960504 a multiple of 45?
False
Is 109442944 a multiple of 384?
False
Does 2528 divide 34072384?
True
Does 18 divide 66992526?
True
Does 1665 divide 19547100?
True
Does 301 divide 2905029538?
False
Is 54131840 a multiple of 281?
True
Is 107 a factor of 2405063931?
True
Is 1788 a factor of 32621603?
False
Is 8172264 a multiple of 444?
True
Is 1658 a factor of 25528226?
True
Is 25828012 a multiple of 15?
False
Is 17 a factor of 9574536?
True
Is 104016868 a multiple of 9?
False
Does 104 divide 93172834?
False
Is 88 a factor of 779152?
True
Is 425993398 a multiple of 73?
True
Does 9129 divide 6023656950?
False
Is 4200499 a multiple of 107?
True
Is 390640575 a multiple of 195?
True
Does 23 divide 216772742?
False
Does 839 divide 112509046?
False
Is 98271121 a multiple of 94?
False
Does 14 divide 676268432?
True
Does 21 divide 3342003?
True
Is 34 a factor of 263926356?
False
Does 30 divide 4731268920?
True
Is 29482475 a multiple of 275?
True
Does 1393 divide 79853043?
False
Is 331 a factor of 892370704?
True
Is 54541538 a multiple of 907?
True
Is 11692518 even?
True
Does 184 divide 18994961?
False
Does 40 divide 3094835520?
True
Does 4289 divide 669594391?
True
Is 154 a factor of 1221092?
False
Is 792601081 a multiple of 1355?
False
Is 201 a factor of 35193585?
False
Does 495 divide 54093779?
False
Does 24 divide 102399907?
False
Does 771 divide 139824705?
True
Does 420 divide 15019459?
False
Does 250 divide 8646250?
True
Does 21 divide 7233219?
True
Is 309 a factor of 306864009?
False
Is 1053 a factor of 1205103744?
True
Is 1729 a factor of 18767294?
False
Is 23 a factor of 15866198?
False
Does 126 divide 4523892660?
True
Is 9 a factor of 568598?
False
Is 1810 a factor of 21484700?
True
Is 2284 a factor of 22371934?
False
Is 130 a factor of 8054280?
True
Does 82 divide 24020014?
True
Is 34840168 a multiple of 757?
True
Is 276374670 a multiple of 33?
True
Is 1225 a factor of 320196745?
False
Is 5 a factor of 119236495?
True
Does 2445 divide 69291300?
True
Is 3 a factor of 83780603?
False
Does 5220 divide 598707900?
True
Does 16 divide 52583344?
True
Is 23 a factor of 572152209?
True
Is 88695300 a multiple of 2460?
True
Is 416 a factor of 2264661984?
True
Is 26545065 a multiple of 12?
False
Does 251 divide 705409647?
True
Does 1651 divide 77927200?
True
Is 6578063 a multiple of 739?
False
Is 186266288 a multiple of 5?
False
Is 37632963 a multiple of 3210?
False
Is 494 a factor of 74291318?
False
Does 10 divide 2430472560?
True
Is 1162 a factor of 1742503826?
True
Is 202069608 a multiple of 691?
False
Is 715521908 a multiple of 34?
True
Is 451 a factor of 15056635?
True
Is 887686292 a multiple of 665?
False
Is 26918534 a multiple of 8?
False
Does 37 divide 9692728?
False
Is 6 a factor of 16039176?
True
Is 50 a factor of 3386000?
True
Is 52106888 a multiple of 2198?
False
Is 453315304 a multiple of 21?
False
Is 14 a factor of 19806346?
True
Is 116 a factor of 14894635?
False
Is 3399852015 a multiple of 6615?
True
Is 12 a factor of 67955981?
False
Is 1193 a factor of 43782891?
False
Is 868491939 a multiple of 93?
True
Is 85 a factor of 26187889?
False
Is 3576522533 a multiple of 4770?
False
Is 4624200 a multiple of 35?
True
Is 94 a factor of 105286222?
False
Is 843040626 a multiple of 406?
False
Is 51 a factor of 18359694?
True
Is 23136359 a multiple of 37?
True
Is 69 a factor of 891739835?
False
Does 74 divide 1025670044?
True
Does 9 divide 953427357?
True
Is 20932155 a multiple of 27?
True
Does 4 divide 61553196?
True
Does 111 divide 158101488?
False
Is 3980876 a multiple of 755?
False
Does 324 divide 12656759?
False
Does 45 divide 57736268?
False
Is 252 a factor of 629775216?
True
Is 1004943138 a multiple of 2700?
False
Does 69 divide 1157925432?
True
Does 28 divide 10212664?
True
Does 1056 divide 26210976?
True
Is 22319954 a multiple of 3293?
True
Does 430 divide 161947443?
False
Is 578117190 a multiple of 2415?
True
Is 2282446998 a multiple of 351?
True
Is 209 a factor of 26291705?
False
Is 3 a factor of 352034838?
True
Is 118 a factor of 448924622?
False
Is 7 a factor of 3003438663?
False
Is 1585732698 a multiple of 374?
True
Is 21 a factor of 16932741?
True
Does 2442 divide 79408673?
False
Does 648 divide 478309572?
False
Does 9 divide 16605423?
True
Does 2622 divide 97562803?
False
Is 4236 a factor of 130607665?
False
Is 856 a factor of 171554644?
False
Does 543 divide 88956975?
True
Is 187686442 a multiple of 254?
True
Does 561 divide 7547694?
True
Is 55 a factor of 1670653930?
True
Does 27 divide 77567976?
True
Is 1192 a factor of 5708507585?
False
Is 7785000 a multiple of 25?
True
Is 2 a factor of 14193424?
True
Does 5 divide 1595434?
False
Does 6 divide 338884694?
False
Does 1774 divide 1018086182?
True
Is 1898333676 a multiple of 12?
True
Does 10 divide 71359440?
True
Is 271 a factor of 7747619?
True
Is 35151642 a multiple of 12?
False
Is 86046687 a multiple of 12?
False
Is 13 a factor of 45786078?
True
Is 66 a factor of 202780710?
True
Is 5753746999 a multiple of 299?
True
Is 70152650 a multiple of 10?
True
Does 3 divide 4429179?
True
Is 169 a factor of 13190281?
True
Is 32129843 a multiple of 71?
True
Is 4 a factor of 373165?
False
Does 19 divide 33828930?
True
Is 52 a factor of 388760944?
True
Is 16 a factor of 68466550?
False
Does 8 divide 2410821704?
True
Is 204 a factor of 108203284?
False
Is 453165024 a multiple of 104?
True
Is 78 a factor of 321276462?
True
Is 34185921 a multiple of 57?
True
Is 1664 a factor of 90679680?
True
Is 21 a factor of 1843150182?
False
Is 511079063 a multiple of 22?
False
Is 27 a factor of 57799332?
True
Does 1059 divide 73619562?
True
Is 23 a factor of 1651251121?
True
Is 2 a factor of 45013436?
True
Does 331 divide 70846993?
False
Does 5290 divide 583333840?
False
Is 2465281817 a multiple of 18?
False
Is 104 a factor of 128338242?
False
Is 8259228 a multiple of 911?
False
Does 2202 divide 943739766?
True
Is 899836200 a multiple of 1800?
True
Is 214 a factor of 4550282?
True
Is 13 a factor of 156346215?
False
Is 436648677 a multiple of 229?
False
Is 69511041 a multiple of 27?
True
Does 13 divide 375030467?
False
Is 285853062 a multiple of 5406?
True
Is 20835112 a multiple of 14?
False
Is 73 a factor of 7142685?
True
Does 122 divide 10887768?
True
Does 48 divide 111286512?
True
Does 5467 divide 309711017?
True
Does 177 divide 486957690?
False
Is 1934 a factor of 87561850?
True
Does 21 divide 842596314?
True
Is 434 a factor of 7647948?
True
Is 16362352 a multiple of 300?
False
Does 6 divide 32401974?
True
Does 436 divide 32479820?
True
Does 249 divide 1331426592?
False
Is 717871856 a multiple of 208?
True
Does 1388 divide 503157428?
False
Is 49150920 even?
True
Does 452 divide 347399553?
False
Is 1529514 a multiple of 2?
True
Does 6 divide 181776684?
True
Does 62 divide 54018896?
False
Does 97 divide 43734894?
False
Does 32 divide 29014048?
True
Is 31 a factor of 17334890?
True
Is 53 a factor of 87030505?
True
Is 100 a factor of 57164806?
False
Is 22568975 a multiple of 767?
True
Is 45671868 a multiple of 2134?
True
Is 180 a factor of 100627020?
True
Is 2 a factor of 2767483?
False
Is 1334809539 a multiple of 13573?
True
Is 44224197 a multiple of 58?
False
Is 207 a factor of 621621?
True
Is 11 a factor of 17432085?
True
Is 10189340 a multiple of 730?
True
Is 18 a factor of 1260162464?
False
Does 123 divide 1842655866?
True
Does 244 divide 7528864?
True
Does 3 divide 9721299?
True
Does 66 divide 202196148?
True
Is 12643852 a multiple of 13?
True
Is 5 a factor of 9411338?
Fals